Suppose -4*l - h = 1. Is l/(-7) + (-340)/(-7) composite?
True
Let o = 910 + 1534. Suppose 5*g - 2380 = 2*r, 2*r + 4*g = 2*g - 2366. Let z = o + r. Is z a composite number?
False
Suppose -2*v = -p + 18 - 6, 3*p - 3*v - 36 = 0. Let o(h) = 133*h**2 + h - 9 + p + 96*h**2 + 122*h**2. Is o(2) a prime number?
True
Is ((-43403)/9*4)/((-842)/3789) prime?
False
Let y(m) be the third derivative of -m**6/120 - m**5/60 - 35*m**4/24 - 8*m**3/3 + 4*m**2 - 1. Is y(-9) a composite number?
False
Let o(t) = -52*t**3 - 2*t**2 - t + 2. Let c be o(2). Let j(u) = -97*u - 573. Let x be j(5). Let v = c - x. Is v composite?
True
Is (4 - (-20)/2) + 51463 composite?
True
Suppose -35*k = -29*k + 30. Is (-11013)/k*(-220)/(-44) composite?
True
Suppose -31 = -4*w - 5*p, -w + 4*w = 3*p + 3. Suppose -3*c + w*h = -1255, -5*c - 2115 = -10*c + 2*h. Let v = c - 298. Is v composite?
False
Let i = -748033 + 1097820. Is i a prime number?
True
Suppose -142084 + 342126 = 5*m - 1183073. Is m a composite number?
False
Let q(c) = 344*c + 2663. Is q(75) composite?
False
Suppose 92*r + 288 = 100*r. Suppose 0 = r*n - 49*n + 40963. Is n prime?
False
Let x(y) = 12*y**2 - 8*y - 8. Let d be x(7). Let p(t) = 2*t**2 + 10*t + 5. Let l be p(-9). Let m = d - l. Is m a prime number?
False
Suppose 2*z - 68710 = 4644. Is z a prime number?
True
Let r be (-8)/6*(-7 - -4). Let l(n) = -1 + 2121*n - 943*n + 4 - 1063*n. Is l(r) prime?
True
Suppose 7*o = 661623 + 1169948. Is o a prime number?
False
Suppose 0 = -m + 1 - 0. Let w be 4/24 - ((-1196)/24)/13. Is 10744/w*m/(-6)*-3 a composite number?
True
Let p = 25399 + -2178. Is p a prime number?
False
Let q(x) = -38*x + 9. Suppose z = m + 1, 0*m + m + 7 = 3*z. Suppose 8 = -n + m*b, 5*b + 1 = -2*n + 3. Is q(n) a composite number?
True
Let q = 31178 - 18076. Is q composite?
True
Let a = 12784 + -5474. Let s = a + -4237. Is s a composite number?
True
Suppose -14*m - 23 = 2*r - 15*m, 0 = r + 3*m + 8. Let z(k) = 23*k**2 + 11*k - 3. Is z(r) composite?
False
Let s = 77299 + 4522. Is s prime?
False
Suppose -5*y - 3968628 = -3*t, 4*y = t - 885964 - 436905. Is t a composite number?
True
Let i(m) = -7*m**3 - 3*m**2 + 6*m - 14. Let a be i(-9). Let t = 8691 - a. Is t a composite number?
True
Let z = 246908 - 33367. Is z a prime number?
False
Suppose 1058 = 2*o + 48. Suppose 63*v - 72*v - 540 = 0. Let i = v + o. Is i composite?
True
Let v(x) = x**3 + 4*x**2 - 28*x. Let y = 54 - 45. Let f be v(y). Suppose -1836 = -9*c + f. Is c a composite number?
False
Suppose -2 = -19*r + 36. Is 33/3*(r + 87) prime?
False
Is (4993532/20)/((-7)/(-32 + -3)) prime?
True
Suppose -157*p + 10564164 + 12863969 = -524258. Is p prime?
True
Let c = 3 + -2. Suppose t = -4*k - 3, -3*t + 2*k = -k + 9. Is c + ((-9)/t - -1147) a composite number?
False
Let w(l) = 44*l**2 + 10*l + 18. Suppose -m + 16 = 4*i, m + 2*i + 14 = 4*i. Let s be w(m). Let p = 1637 - s. Is p a prime number?
False
Let u(a) = a**3 + 24*a**2 + 37*a + 88. Let f(s) = -2*s**3 - 48*s**2 - 71*s - 175. Let m(x) = 3*f(x) + 5*u(x). Is m(-24) composite?
False
Let z = 142 - 129. Suppose z*g = 23*g - 6410. Is g a composite number?
False
Let f = -711309 - -1984198. Is f composite?
True
Let q(i) = 3*i**2 - 12077 + 12108 - 9*i - 3*i. Is q(10) a composite number?
False
Let k(s) = 4*s**2 - 44*s + 2. Let d be k(11). Suppose -c + 7 + 1 = d*j, j + 2 = c. Suppose 3*h - 57 = -2*a, j*h + 144 = 4*a - 2*h. Is a a composite number?
True
Suppose 0 = -360*r + 349*r + 231847. Is r composite?
True
Let q = -74251 - -215683. Suppose 12*y = 43776 + q. Is y prime?
False
Let p(q) = -1692*q - 100. Let h be p(5). Let a = h + 21273. Is a composite?
False
Suppose 151249 = 95*o - 54*o - 282900. Is o a prime number?
True
Suppose 3*r - 2*p + 0*p - 196 = 0, 0 = 2*r + 4*p - 104. Suppose 18 = -11*m + r. Suppose 999 = 5*h - m*y, h - 613 = -2*h - y. Is h a composite number?
True
Suppose 0*n - 6 = -n. Let m(k) = 13*k - 5 - 17*k - n*k**2 + 10 + 3*k**3 + 12*k. Is m(6) composite?
True
Let n = -852564 + 1254335. Is n a prime number?
True
Suppose 7*v = 31926 + 21407. Is v a prime number?
False
Let m(q) be the first derivative of 3*q**4/4 - 20*q**3/3 + 2*q**2 - 19*q - 138. Is m(8) prime?
True
Is (-117)/6*-2120 + (1 - 2 - 6) prime?
True
Suppose -5*d - 4*j = 2447, -2*d + 5*j = 187 + 805. Let c = d - -255. Let t = -102 - c. Is t a prime number?
False
Let x(o) = 113*o**2 - 2*o - 7. Is x(6) a prime number?
True
Let j be (-2)/1*2658/(-12). Suppose 2*n - 3*x = j, 5*n - 2*x - 1145 = -7*x. Suppose i = 5*h - 297, -4*h - 7*i = -2*i - n. Is h a prime number?
True
Let p(m) = -275*m - 30*m + 3920 - 3647. Is p(-38) composite?
False
Let n be (-1*1)/((-656)/652 - -1). Let c(x) = 12*x - 60 + n - 72. Is c(17) prime?
False
Suppose 0 = 5*q + 15, 0 = 4*m - 3*q + 27. Let u(b) = b**3 + 9*b**2 - 2*b - 5. Let k be u(m). Suppose k*j = 10*j + 759. Is j prime?
False
Let u = -1397 - -1462. Suppose -b + 1030 = 3*b + 2*o, 5*o = 25. Suppose -2*g = u - b. Is g composite?
True
Let v(b) = 297*b**2 + 22*b - 84. Suppose 0 = -4*f + 5*h, -h + 25 = f + 4*h. Is v(f) composite?
False
Let v(t) = -107*t - 17. Suppose -f = r + 11, 0*f + 3*f - 4*r + 54 = 0. Is v(f) a composite number?
False
Suppose 4*h - 14 = -2*g, -h - 4*g = 2 + 5. Suppose -2*s + 2*t = -7*s + 73883, 5*s + h*t = 73880. Is s a composite number?
True
Suppose 21*h - 9*h = 40080. Let c = h + -5076. Let d = c - -3159. Is d composite?
False
Suppose -4*t - 36*x + 34*x + 41144 = 0, 3*t = 5*x + 30897. Is t prime?
True
Suppose -21 = 26*l - 203. Suppose l*p - 9532 = 6127. Is p composite?
False
Let p be (-50)/(-2 + 3) + 4. Let c = 103 + p. Is c composite?
True
Suppose 39 = 5*m + 8*m. Suppose -4*r + 9 = -3. Is r/(m - (-2106)/(-705)) composite?
True
Suppose 3*f = -4 + 13. Let v be (-13872)/(-9) + 3 + f/(-9). Let g = v - -777. Is g a prime number?
False
Let t be ((-1)/2)/((-5)/(-6 - -116)). Suppose t*y - 12957 = 14*y. Let f = -2784 - y. Is f a prime number?
False
Let v(d) = -d**3 + 4*d**2 - d - 6. Let f be v(5). Let t = f - -38. Suppose 0*n - 3070 = -t*n. Is n a composite number?
True
Suppose 4*x - 2*s - 8 = 0, 3*x - 5*s = -3*s + 8. Suppose -5*d + 16*d - 8701 = x. Is d prime?
False
Is 138/(-207)*(1 + (-1338764)/8) a composite number?
True
Let j(m) = -m**2 + 6*m + 5. Let f be j(6). Suppose -5*u = -2*u - f*u. Suppose u = -7*d + 2*d + 2710. Is d composite?
True
Let r = 136063 + -80114. Is r composite?
False
Let a = -625431 - -936284. Is a prime?
False
Suppose -o - 3 = 0, -78*o + 74*o - 97423 = -j. Is j a prime number?
False
Let b(c) = 8038*c + 3101. Is b(6) a prime number?
True
Suppose 5*o - 456845 = 2*w, o - 57947 = 5*w + 33445. Is o composite?
False
Suppose 2*t + 42 = -3*m, -6*m = -3*m + 5*t + 33. Let u = m - -16. Suppose -2*n - 4*w + 394 = u, 0 = -6*n + n - 4*w + 955. Is n a prime number?
False
Suppose 0 = 179*o - 180*o + 3*l + 161474, -484394 = -3*o + 5*l. Is o prime?
True
Let h = 64385 - -64602. Is h a prime number?
True
Suppose 8*s = -27 + 11. Is s - (-9826)/2 - (2 - 0) composite?
False
Is (1 - 7876/(-16))/(-10*1/(-2840)) prime?
False
Let k be 25/3 - 7/21. Is 5809 - -1 - ((-48)/(-2))/k composite?
False
Let n(r) be the second derivative of 19*r**3/6 + 21*r**2/2 + 19*r. Let x = 32 + -28. Is n(x) a prime number?
True
Suppose 0 = -2*w + 5*n - 0*n + 13, n = 4*w - 17. Let h(t) = -4*t**3 - 3*t**3 - 4*t**2 - w + 3*t**3 + t. Is h(-5) prime?
False
Let d = -570898 - -1920321. Is d a composite number?
False
Let r(o) = 24987*o + 619. Is r(6) composite?
True
Suppose 2*j - 286109 = -5*k, -5*k = -2*j - 163078 - 123023. Is k composite?
False
Let t(n) = 796*n**2 + 3*n - 11. Is t(-4) composite?
False
Let h(m) = 13*m + 2. Let k be h(0). Suppose -p + 7020 = 3*p + k*u, -4*u - 5287 = -3*p. Is p a composite number?
True
Suppose 2*n = 2, u + 23 = 6*u - 2*n. Suppose -4*x = -u*t + 2327, -2*t + x = -768 - 164. Is t a composite number?
False
Suppose 0 = 5*x - 25, 0 = -k - 3*x - x + 24. Suppose 14*a - 2*a - 60 = 0. Suppose -3*d + 467 = -k*j, -4*d - 154 = -a*d + 3*j. Is d a prime number?
True
Suppose -i + 3*h = -97298 - 173678, 541979 = 2*i - 3*h. Is i a composite number?
False
Let w be (-24)/(-28)*(-6 + -1). Let x(r) = -3*r**2 - 16*r + 10. Let g be x(w). Is (g/(-3))/(2/2397) prime?
False
Suppose -2*t + 96695 = -3*z - 263377, 3*z - 6 = 0. Is t a prime number?
False
Let n = 102717 - -12932. Is n composite?
T